 = g. Is n a prime number?
True
Let a = -2836 + 5447. Is a prime?
False
Let t be -6*(-1 + 6/9). Suppose 53 = k + t*l, k - 56 = 5*l - 17. Is k a composite number?
True
Let n(y) = -y**2 - 4*y + 8. Let o be n(-6). Is 129 - (-3)/6*o prime?
True
Suppose 10*y - 10 = 5*y. Suppose -i - 7 = -y*i. Is i a composite number?
False
Let t be (-50)/(-8) + (-4)/16. Let h = 29 - t. Is h a composite number?
False
Let t = -1 - -5. Let k be (-1 + -25)*(-10)/t. Is (0 + 0 + k)/1 a prime number?
False
Let j(k) be the second derivative of -k**4/12 + 2*k**3/3 + k**2/2 + 3*k. Let w be j(2). Suppose 2 + 73 = w*c. Is c prime?
False
Let f(g) = -g + 12. Let p be f(9). Suppose 0 = p*w + 2*w - 50. Is w a prime number?
False
Suppose 3*h = -h, -3*q - 5*h + 669 = 0. Is q a prime number?
True
Suppose 4*d - v + 35 = 0, 0 = -4*d - 3*v - 1 - 22. Let z(m) = 2*m**2 + 12*m + 11. Let b be z(d). Let i = 126 - b. Is i prime?
True
Let c = -23 - 30. Let k = 25 - c. Let v = k - 11. Is v composite?
False
Let v(g) = g**3 + 14*g**2 - g - 12. Let o be v(-14). Suppose -5*i + u + 2228 = 0, -2*u - 244 = o*i - 1128. Is i a composite number?
True
Let b = 1909 + -1320. Is b prime?
False
Let r(c) = -31*c - 1. Let s(v) = -v. Let q(h) = -r(h) + 3*s(h). Is q(3) a composite number?
True
Suppose 258 = -4*k + 3*k. Let j = -149 - k. Is j composite?
False
Let w(i) = -i**2 - 8*i + 9. Let v be w(-9). Suppose v = -c - 2*c + 99. Suppose -3*j + c = g, 2*g = -g. Is j a prime number?
True
Suppose 0*s = s + 1. Let v be -51 - (s + (-3)/(-3)). Is (-2)/7 - v/7 prime?
True
Let j = 7 + 0. Let f = 3 - j. Let u = f + 7. Is u a composite number?
False
Let t(d) = -d**2 + 315. Let x be t(0). Let a = x - 196. Is a composite?
True
Suppose 5*z - 9 = 6. Suppose 3*q + z*c - 179 = -2*q, q - 41 = 2*c. Is q prime?
True
Let j(u) = -4*u**3 + 3*u**2 + u - 7. Is j(-5) composite?
False
Suppose m + 4 = -1. Is 3/m - (-2412)/45 a prime number?
True
Let f = -13 + 29. Is (252/(-48))/((-6)/f) a composite number?
True
Let d(i) = -i**3 - 5*i**2 + 5*i - 3. Let w be d(-5). Let b = 112 + -61. Let c = w + b. Is c composite?
False
Suppose 10*w - 1975 = 5*w. Is w composite?
True
Suppose 0 = -4*i - 462 + 94. Let g = -33 - i. Is g prime?
True
Is (-5260)/(-6) + (-5 - -4)/(-3) a composite number?
False
Let b = 2098 + -1219. Is b prime?
False
Let o(p) = -p**3 - 2*p**2 + 5*p - 1. Let x be 3*(-3)/(-9)*3. Suppose -x*j = -7*j - 20. Is o(j) a prime number?
False
Let x = 1160 - -201. Is x composite?
False
Suppose s + r = -2*r + 435, -2*s - 5*r + 866 = 0. Suppose s = 3*g - 0*g. Is g composite?
True
Let r(d) = d**3 + 4*d**2 - 4*d + 1. Let q be r(-4). Suppose -62 + q = -4*b - w, 4*b + 4*w = 48. Is b a composite number?
False
Suppose 6*t - 381 = 3*t. Is t a prime number?
True
Let f = -27 + 67. Suppose -25 = -h - 4*l + f, -5*h - 5*l + 370 = 0. Is h a prime number?
False
Is (223/4 + 0)*4 prime?
True
Let j(y) = 37*y**2 - 2. Let m be j(-4). Suppose -7*a + 2*a = m. Let f = a + 215. Is f a composite number?
False
Suppose 3*y - 198 = -6*y. Is y a prime number?
False
Let z(v) = v**2 + 10*v + 8. Suppose 0 = -4*l - 36 - 8. Is z(l) a composite number?
False
Suppose 181 = 4*f + 2*z + 3*z, -3*f + 159 = -4*z. Is f a prime number?
False
Let f = -4 + 6. Suppose u - g + f*g - 55 = 0, 2*g = 4*u - 208. Is u a prime number?
True
Suppose -4*m - 1 = -9. Is -3 + 2 - (m - 226) a prime number?
True
Let k(u) = -3*u - 6. Let o be k(-7). Let z be (-20)/o*3/(-2). Suppose 0 = 5*v - z*w - 415, -5*v + 61 + 339 = -5*w. Is v prime?
False
Let b = 73 + 142. Is b composite?
True
Let u(b) = -b**3 + 0*b**3 - b - 2*b + 10*b**2 - 7. Let r(v) = -v + 9. Let c be r(0). Is u(c) prime?
True
Let u = -13 + 13. Is (-111 - u)*(-5)/15 composite?
False
Let a(p) = -p**3 + 4*p**2 - 4*p + 3. Let x = 3 + -1. Let b be a(x). Suppose g + 3*j - 13 = 0, -g + 2*j = b - 6. Is g a composite number?
False
Suppose 5*f - 2*w - 9 = -4*w, -3*w - 18 = -3*f. Is f composite?
False
Suppose -5*v = -5*o + 10*o - 21355, -o + 4283 = 4*v. Is o prime?
False
Suppose h - 2*h = 2*b - 3, -5*b + 15 = 5*h. Suppose b = -i + 2*j + 343, 4*j = -4*i - 0*j + 1348. Is i a composite number?
True
Let u = -13 - -28. Is (-168)/(-5) - 9/u a prime number?
False
Let t(y) be the second derivative of 2*y**3/3 - 2*y. Let w be t(1). Suppose 3*z - 119 = -w*h, -3*z + h + 18 + 76 = 0. Is z a composite number?
True
Let d = 370 - 51. Is d a composite number?
True
Let y be 6 + 0 + 0 + 0. Let i = 16 - y. Is i composite?
True
Let w(a) be the second derivative of a**4/12 - 5*a**3/6 - a**2/2 + 4*a. Is w(-4) a composite number?
True
Let c(r) = 4*r**2 + 10*r + 15. Is c(-8) composite?
False
Let d = 551 + -304. Is d composite?
True
Let q be 2/3 - (-156)/(-18). Is (-6)/(-9)*(-804)/q prime?
True
Let u(k) = -k - 1. Let l be u(-3). Suppose 2*d - 4 + 18 = -2*x, -d - 2 = l*x. Is (-4)/6 + (-1436)/d a composite number?
True
Suppose -q + 17 + 8 = 0. Suppose -q - 28 = -h. Is h a composite number?
False
Is (-3)/6*2*-37 composite?
False
Let l(h) = h**2 - h - 2. Let o be l(3). Suppose -12 = i + o*k - 7*k, 2 = k. Is (-280)/i - (-2)/6 a composite number?
False
Let l(h) = h**2 - 8*h + 5. Let x be l(6). Let p(f) = -f**2 - 10*f + 2. Is p(x) a prime number?
True
Suppose -2*i + 4*i + 3 = 5*c, i = -2*c + 12. Let q = i - -20. Is q a prime number?
False
Let u(m) = m**3 + 11*m**2 + 9*m - 7. Let y be u(-10). Suppose -5*s + 82 + 85 = -2*o, -y = 3*o. Is s composite?
True
Let p be (6/(-9))/((-1)/(-3)). Is ((-2 - 0)*67)/p prime?
True
Let j = 359 - 210. Is j prime?
True
Suppose 0*f + 3*f = 0. Suppose f*w + 445 = 5*w. Is w prime?
True
Let k = 257 - -284. Is k composite?
False
Let j(f) = f**2 + 5*f - 1. Let o be j(-5). Is ((-49)/(-28))/(o/(-124)) a prime number?
False
Let m(n) = 38*n - 1. Let d(f) = 3*f**2 + 7*f - 1. Let q(t) = 10*t**2 + 22*t - 4. Let a(h) = 7*d(h) - 2*q(h). Let r be a(-5). Is m(r) a composite number?
False
Suppose -2 = 5*k - 27. Suppose -b + 72 = -5*m, 5*b - 183 = k*m + 117. Is b prime?
False
Suppose -3*y + 5819 = -2*s, 2*y + 2*y + 5*s - 7751 = 0. Is y prime?
False
Suppose -4*m - 48 = -4*f - 0*f, -3*m - 8 = f. Suppose -15 = 2*c - 2*j + f*j, -2*j - 10 = 0. Suppose -c*v + 1053 - 278 = 0. Is v prime?
False
Is (-2)/(4/(-306)) + -4 a prime number?
True
Suppose -9869 = -5*p + 4*w, -2*w - w = 3. Is p a prime number?
True
Suppose 1705 = 5*a + 4*j, -2*a + 664 = -0*a - 2*j. Is a a prime number?
True
Let o(z) = -9*z**2 - z - 1. Let u be o(2). Let f be (-123)/u + (-4)/26. Suppose f*v - 235 = -2*v. Is v prime?
True
Suppose -2*b + 524 = -5*x, 4*x = -0*b + b - 262. Is b prime?
False
Let c = 16 + 393. Is c a prime number?
True
Let i be (2 - (2 - -1)) + 0. Let r be (i + 0)/(4/(-16)). Suppose 0 = -3*k + 17 + r. Is k a prime number?
True
Let a = -19 + 62. Is a a composite number?
False
Let b = 104 - -293. Is b a composite number?
False
Let n = 1184 + -489. Suppose y = 3*y + 2*j - 694, -2*y + n = 3*j. Is y a composite number?
True
Let c(f) = -490*f - 9. Is c(-6) a prime number?
False
Suppose r = -4*z + 832, 4*z - 832 = r - 0*r. Let n = z + -141. Is n a prime number?
True
Let y(i) = -8*i**2 + 5*i - 2. Let n be y(4). Let t = -77 - n. Is t a prime number?
False
Suppose 7423 = 12*n - 5237. Is n prime?
False
Is (7/14)/((-2)/(-124)) prime?
True
Let q = -11 - 1. Is 42/q*(-14)/1 a prime number?
False
Let k(s) = s**2 + 13*s + 2. Let c be k(-13). Suppose -c*b + 42 = -0*b. Is b a prime number?
False
Let w = 2915 - 1544. Is w a prime number?
False
Let t = 4132 - 2733. Is t a prime number?
True
Let n = -3 - -9. Let a(q) = 0 + 5 + 9*q - 2. Is a(n) a prime number?
False
Let z(u) = u**3 - 20*u**2 + 25*u - 25. Is z(19) a prime number?
True
Let m = -1 + 11. Let a = 16 - m. Let q = 13 + a. Is q composite?
False
Let t(r) = -3 + 0 - 1 - 64*r - 1. Let s be 8/3*3/(-2). Is t(s) a composite number?
False
Suppose -5*a = -a + 1408. Let g = -141 - a. Is g a prime number?
True
Let x = -770 + 1837. Is x prime?
False
Suppose 26*h - 24*h - 106 = 0. Is h a composite number?
False
Let p be 1/(-2)*(-12)/1. Let a be (p - 0)/((-1)/(-1)). Is (-426)/(-9) + (-2)/a prime?
True
Suppose -j - 2 + 18 = 0. Suppose 5*k + 1 = j. Suppose 0*h - h = -5*d + 67, -k*h - 6 = 0. Is d composite?
False
Suppose -3*m + 111 = -90. Suppose 654 = f + m. Is f a prime number?
True
Suppose 0 = 3*o + 3*v - 474, 0 = 3*o + v + 22 - 502. Is o a prime number?
False
Let d = 10 + -15